digit of 1891?
1
What is the hundreds digit of 1269?
2
What is the hundreds digit of 978?
9
What is the tens digit of 18401?
0
What is the hundreds digit of 3850?
8
What is the units digit of 4457?
7
What is the tens digit of 9305?
0
What is the hundreds digit of 149458?
4
What is the tens digit of 143701?
0
What is the thousands digit of 2282?
2
What is the tens digit of 16385?
8
What is the units digit of 12089?
9
What is the tens digit of 5630?
3
What is the tens digit of 3962?
6
What is the units digit of 28379?
9
What is the thousands digit of 12718?
2
What is the thousands digit of 149768?
9
What is the units digit of 67289?
9
What is the hundreds digit of 20327?
3
What is the thousands digit of 8173?
8
What is the hundreds digit of 1347?
3
What is the tens digit of 215?
1
What is the tens digit of 1425?
2
What is the thousands digit of 5407?
5
What is the thousands digit of 111796?
1
What is the ten thousands digit of 47071?
4
What is the thousands digit of 17021?
7
What is the tens digit of 27899?
9
What is the units digit of 5833?
3
What is the hundreds digit of 3762?
7
What is the hundreds digit of 30490?
4
What is the tens digit of 885?
8
What is the tens digit of 2436?
3
What is the hundreds digit of 5633?
6
What is the thousands digit of 19890?
9
What is the hundreds digit of 70001?
0
What is the tens digit of 10203?
0
What is the units digit of 27769?
9
What is the tens digit of 71064?
6
What is the units digit of 13746?
6
What is the units digit of 108578?
8
What is the thousands digit of 15764?
5
What is the units digit of 811?
1
What is the tens digit of 51649?
4
What is the hundreds digit of 130080?
0
What is the units digit of 63150?
0
What is the thousands digit of 19058?
9
What is the ten thousands digit of 18146?
1
What is the units digit of 397?
7
What is the units digit of 11145?
5
What is the tens digit of 25501?
0
What is the hundreds digit of 87147?
1
What is the hundreds digit of 102739?
7
What is the units digit of 918?
8
What is the thousands digit of 22804?
2
What is the thousands digit of 4929?
4
What is the units digit of 1957?
7
What is the tens digit of 67856?
5
What is the tens digit of 9198?
9
What is the thousands digit of 5200?
5
What is the units digit of 4431?
1
What is the units digit of 718?
8
What is the thousands digit of 1396?
1
What is the thousands digit of 8855?
8
What is the hundreds digit of 102744?
7
What is the thousands digit of 1992?
1
What is the hundreds digit of 12415?
4
What is the hundreds digit of 18823?
8
What is the units digit of 1?
1
What is the units digit of 16358?
8
What is the units digit of 5258?
8
What is the units digit of 42511?
1
What is the units digit of 135?
5
What is the thousands digit of 3490?
3
What is the tens digit of 913?
1
What is the tens digit of 148121?
2
What is the tens digit of 1583?
8
What is the tens digit of 8357?
5
What is the hundreds digit of 16705?
7
What is the hundreds digit of 395?
3
What is the tens digit of 21101?
0
What is the hundreds digit of 12314?
3
What is the hundreds digit of 1332?
3
What is the thousands digit of 1012?
1
What is the tens digit of 18043?
4
What is the thousands digit of 53223?
3
What is the tens digit of 3031?
3
What is the tens digit of 12272?
7
What is the hundreds digit of 4272?
2
What is the tens digit of 9657?
5
What is the thousands digit of 42456?
2
What is the tens digit of 22726?
2
What is the ten thousands digit of 27911?
2
What is the tens digit of 693?
9
What is the units digit of 403?
3
What is the tens digit of 4204?
0
What is the hundreds digit of 1347?
3
What is the tens digit of 3627?
2
What is the tens digit of 96514?
1
What is the tens digit of 529?
2
What is the hundreds digit of 4233?
2
What is the tens digit of 32946?
4
What is the hundreds digit of 1107?
1
What is the tens digit of 578?
7
What is the tens digit of 3463?
6
What is the hundreds digit of 1911?
9
What is the hundreds digit of 11249?
2
What is the units digit of 774?
4
What is the thousands digit of 45586?
5
What is the hundreds digit of 4376?
3
What is the thousands digit of 8125?
8
What is the units digit of 1474?
4
What is the hundreds digit of 692?
6
What is the hundreds digit of 123?
1
What is the ten thousands digit of 128671?
2
What is the tens digit of 1115?
1
What is the thousands digit of 33701?
3
What is the tens digit of 9256?
5
What is the hundreds digit of 25978?
9
What is the ten thousands digit of 14572?
1
What is the hundreds digit of 39980?
9
What is the tens digit of 1627?
2
What is the thousands digit of 21160?
1
What is the tens digit of 861?
6
What is the units digit of 10079?
9
What is the thousands digit of 57939?
7
What is the ten thousands digit of 22340?
2
What is the units digit of 2558?
8
What is the hundreds digit of 6482?
4
What is the tens digit of 82?
8
What is the units digit of 575?
5
What is the units digit of 5057?
7
What is the tens digit of 11215?
1
What is the thousands digit of 1874?
1
What is the units digit of 44631?
1
What is the ten thousands digit of 11740?
1
What is the thousands digit of 2201?
2
What is the ten thousands digit of 18748?
1
What is the units digit of 4715?
5
What is the units digit of 9948?
8
What is the tens digit of 270?
7
What is the hundreds digit of 4477?
4
What is the tens digit of 821?
2
What is the tens digit of 1420?
2
What is the hundred thousands digit of 140967?
1
What is the ten thousands digit of 10061?
1
What is the thousands digit of 4220?
4
What is the hundreds digit of 978?
9
What is the tens digit of 30779?
7
What is the tens digit of 35521?
2
What is the ten thousands digit of 17944?
1
What is the tens digit of 689?
8
What is the units digit of 40166?
6
What is the units digit of 8902?
2
What is the units digit of 120?
0
What is the hundreds digit of 25490?
4
What is the tens digit of 1364?
6
What is the thousands digit of 6660?
6
What is the hundreds digit of 2664?
6
What is the hundreds digit of 12394?
3
What is the ten thousands digit of 30718?
3
What is the tens digit of 13139?
3
What is the hundreds digit of 6982?
9
What is the hundreds digit of 3774?
7
What is the thousands digit of 40520?
0
What is the hundreds digit of 3510?
5
What is the tens digit of 41?
4
What is the units digit of 82209?
9
What is the units digit of 1148?
8
What is the units digit of 1444?
4
What is the thousands digit of 4913?
4
What is the thousands digit of 5433?
5
What is the hundreds digit of 64087?
0
What is the hundreds digit of 2509?
5
What is the tens digit of 4184?
8
What is the hundred thousands digit of 130190?
1
What is the units digit of 674?
4
What is the hundreds digit of 64568?
5
What is the hundreds digit of 9965?
9
What is the thousands digit of 15177?
5
What is the units digit of 8879?
9
What is the hundreds digit of 6294?
2
What is the hundreds digit of 5526?
5
What is the tens digit of 24674?
7
What is the thousands digit of 16172?
6
What is the thousands digit of 4860?
4
What is the tens digit of 715?
1
What is the hundreds digit of 780?
7
What is the units digit of 928?
8
What is the thousands digit of 1673?
1
What is the units digit of 21301?
1
What is the units digit of 3832?
2
What is the tens digit of 26850?
5
What is the units digit of 57?
7
What is the hundreds digit of 645?
6
What is the units digit of 542?
2
What is the units digit of 4429?
9
What is the tens digit of 8451?
5
What is the ten thousands digit of 16215?
1
What is the thousands digit of 3682?
3
What is the units digit of 22730?
0
What is the thousands digit of 28853?
8
What is the hundreds digit of 10817?
8
What is the thousands digit of 40586?
0
What is the tens digit of 1812?
1
What is the thousands digit of 11308?
1
What is the hundreds digit of 2737?
7
What is the thousands digit of 59490?
9
What is the thousands digit of 1899?
1
What is the units digit of 1765?
5
What is the tens digit of 200?
0
What is the tens digit of 66505?
0
What is the units digit of 5277?
7
What is the units digit of 104618?
8
What is the units digit of 235?
5
What is the units digit of 164?
4
What is the units digit of 314?
4
What is the hundreds digit of 12065?
0
What is the thousands digit of 3692?
3
What is the tens digit of 8414?
1
What is the tens digit of 357?
5
What is the units digit of 